{"id":128,"date":"2019-03-16T21:41:12","date_gmt":"2019-03-16T21:41:12","guid":{"rendered":"https:\/\/consultsafeport.com.br\/site\/?page_id=128"},"modified":"2019-03-16T21:42:08","modified_gmt":"2019-03-16T21:42:08","slug":"gestao-de-sistemas-da-qualidade","status":"publish","type":"page","link":"https:\/\/consultsafeport.com.br\/site\/gestao-de-sistemas-da-qualidade\/","title":{"rendered":"Gest\u00e3o de sistemas da qualidade"},"content":{"rendered":"<p>Em adi\u00e7\u00e3o aos servi\u00e7os j\u00e1 prestados e de conhecimento do mercado segurador nacional, estendemos nossa atua\u00e7\u00e3o na realiza\u00e7\u00e3o de consultorias as empresas, n\u00e3o s\u00f3 do ramo naval como de qualquer outro ramo de atividade, realizando a implementa\u00e7\u00e3o, melhoria e manuten\u00e7\u00e3o de sistemas de gest\u00e3o da qualidade. Essas atividades s\u00e3o coordenadas exclusivamente pelo nosso Auditor Eng. Antonio Alonso, com larga experi\u00eancia na gest\u00e3o de sistemas da qualidade em empresas europeias.<\/p>\n<p>Nosso principal objetivo \u00e9 atender com excel\u00eancia \u00e0s necessidades de nossos clientes, com \u00e9tica e comprometimento, seguindo todas as normas e requisitos legais.<\/p>\n<p>A Consult Safeport preza pela qualidade absoluta em todas as suas atividades e, por meio de cursos de atualiza\u00e7\u00e3o, procura a excel\u00eancia em seu &#8220;rol&#8221; de servi\u00e7os oferecidos.<\/p>\n<h1>De um modo em geral, na gest\u00e3o de sistema da qualidade, oferecemos suporte para:<\/h1>\n<p>1- Auxiliar no estabelecimento de planejamento estrat\u00e9gico.<br \/>\n2- Identificar e elaborar processos espec\u00edficos para cada \u00e1rea da Empresa.<br \/>\n3- Facilitar a compreens\u00e3o e atendimentos dos Requisitos das Normas ISO 9001 e 14001.<br \/>\n4- Realizar treinamentos e &#8220;Workshops&#8221; para os colaboradores, visando adequa\u00e7\u00e3o dos mesmos \u00e0s suas atividades.<\/p>\n","protected":false},"excerpt":{"rendered":"<p>Em adi\u00e7\u00e3o aos servi\u00e7os j\u00e1 prestados e de conhecimento do mercado segurador nacional, estendemos nossa atua\u00e7\u00e3o na realiza\u00e7\u00e3o de consultorias as empresas, n\u00e3o s\u00f3 do ramo naval como de qualquer outro ramo de atividade, realizando a implementa\u00e7\u00e3o, melhoria e manuten\u00e7\u00e3o de sistemas de gest\u00e3o da qualidade. Essas atividades s\u00e3o coordenadas exclusivamente pelo nosso Auditor Eng. [&hellip;]<\/p>\n","protected":false},"author":1,"featured_media":0,"parent":0,"menu_order":0,"comment_status":"closed","ping_status":"closed","template":"","meta":{"footnotes":""},"class_list":["post-128","page","type-page","status-publish","hentry"],"_links":{"self":[{"href":"https:\/\/consultsafeport.com.br\/site\/wp-json\/wp\/v2\/pages\/128","targetHints":{"allow":["GET"]}}],"collection":[{"href":"https:\/\/consultsafeport.com.br\/site\/wp-json\/wp\/v2\/pages"}],"about":[{"href":"https:\/\/consultsafeport.com.br\/site\/wp-json\/wp\/v2\/types\/page"}],"author":[{"embeddable":true,"href":"https:\/\/consultsafeport.com.br\/site\/wp-json\/wp\/v2\/users\/1"}],"replies":[{"embeddable":true,"href":"https:\/\/consultsafeport.com.br\/site\/wp-json\/wp\/v2\/comments?post=128"}],"version-history":[{"count":2,"href":"https:\/\/consultsafeport.com.br\/site\/wp-json\/wp\/v2\/pages\/128\/revisions"}],"predecessor-version":[{"id":130,"href":"https:\/\/consultsafeport.com.br\/site\/wp-json\/wp\/v2\/pages\/128\/revisions\/130"}],"wp:attachment":[{"href":"https:\/\/consultsafeport.com.br\/site\/wp-json\/wp\/v2\/media?parent=128"}],"curies":[{"name":"wp","href":"https:\/\/api.w.org\/{rel}","templated":true}]}}